ue
Is 7418 prime?
False
Is 916907 prime?
True
Is 332627 a composite number?
True
Is 2827 prime?
False
Is 39149 a composite number?
True
Is 281991 a composite number?
True
Is 167135 a composite number?
True
Is 12422 a composite number?
True
Is 380207 a prime number?
True
Is 11947 a prime number?
False
Is 202081 prime?
False
Is 3083 a prime number?
True
Is 57467 a composite number?
False
Is 158135 a prime number?
False
Is 84437 composite?
False
Is 6247 composite?
False
Is 744953 composite?
True
Is 376699 a prime number?
True
Is 2201 composite?
True
Is 115049 a prime number?
False
Is 2465111 a prime number?
False
Is 232393 composite?
True
Is 40459 a composite number?
False
Is 56081 a composite number?
False
Is 9623 prime?
True
Is 214589 a composite number?
False
Is 4219 a composite number?
False
Is 270653 composite?
False
Is 200687 composite?
True
Is 13303 composite?
True
Is 59921 a prime number?
True
Is 663605 composite?
True
Is 27323 composite?
True
Is 72421 prime?
True
Is 5220719 composite?
True
Is 67679 prime?
True
Is 102577 a prime number?
False
Is 22641 a composite number?
True
Is 110401 a prime number?
False
Is 3092545 a composite number?
True
Is 37951 composite?
False
Is 163517 a composite number?
False
Is 37643 composite?
False
Is 123307 composite?
False
Is 7561 a composite number?
False
Is 561521 a composite number?
False
Is 270293 composite?
True
Is 1369 composite?
True
Is 432787 a prime number?
False
Is 781267 composite?
True
Is 2809 prime?
False
Is 503491 prime?
False
Is 35687 a composite number?
True
Is 1444411 a composite number?
False
Is 211883 a prime number?
False
Is 195911 a prime number?
False
Is 8817 prime?
False
Is 419 a prime number?
True
Is 503543 a prime number?
True
Is 360089 composite?
False
Is 25969 a composite number?
False
Is 16603 composite?
False
Is 1167 a prime number?
False
Is 3007 composite?
True
Is 42593 prime?
False
Is 473379 composite?
True
Is 746353 composite?
False
Is 125446 composite?
True
Is 20362 prime?
False
Is 350213 composite?
False
Is 1973 a composite number?
False
Is 10078 a composite number?
True
Is 553919 a composite number?
False
Is 21181 prime?
False
Is 685297 a composite number?
False
Is 2174383 a prime number?
True
Is 59713 a prime number?
False
Is 607471 prime?
True
Is 201577 a composite number?
False
Is 3062 composite?
True
Is 237155 a prime number?
False
Is 2121661 composite?
False
Is 661543 a prime number?
False
Is 7165 composite?
True
Is 166534 a composite number?
True
Is 4596557 composite?
True
Is 127091 a composite number?
True
Is 17159 composite?
False
Is 28387 a prime number?
True
Is 8053 a prime number?
True
Is 458 a composite number?
True
Is 2342287 a prime number?
True
Is 1476949 composite?
False
Is 44801 a composite number?
True
Is 3731891 composite?
True
Is 119453 composite?
True
Is 16106 composite?
True
Is 35419 a prime number?
True
Is 31173 a composite number?
True
Is 10495 a composite number?
True
Is 2858 prime?
False
Is 12151 a composite number?
True
Is 293053 prime?
False
Is 20413 a prime number?
False
Is 39749 prime?
True
Is 11717 prime?
True
Is 10487 a prime number?
True
Is 29695 a composite number?
True
Is 26021 a composite number?
False
Is 851597 composite?
False
Is 293133 a composite number?
True
Is 937085 a prime number?
False
Is 1049951 composite?
True
Is 62921 composite?
False
Is 180731 prime?
True
Is 995339 a composite number?
False
Is 1163 a composite number?
False
Is 8899 a composite number?
True
Is 3463 prime?
True
Is 64211 a composite number?
True
Is 18041 composite?
False
Is 2707 composite?
False
Is 43369 a composite number?
True
Is 12959 a prime number?
True
Is 90227 a composite number?
False
Is 360089 composite?
False
Is 26039 a prime number?
False
Is 40099 composite?
False
Is 10313 a prime number?
True
Is 60547 a composite number?
True
Is 948913 prime?
False
Is 22391 prime?
True
Is 2423 a prime number?
True
Is 356591 prime?
True
Is 856709 a prime number?
False
Is 743 a prime number?
True
Is 12439 a composite number?
True
Is 429209 a composite number?
True
Is 26905 prime?
False
Is 13303 a composite number?
True
Is 121181 composite?
False
Is 583207 a prime number?
True
Is 237911 a composite number?
False
Is 38989 a prime number?
False
Is 18119 a prime number?
True
Is 44519 composite?
False
Is 431021 composite?
False
Is 4567 a prime number?
True
Is 141101 prime?
True
Is 22901 a composite number?
False
Is 1087 composite?
False
Is 2767 prime?
True
Is 20533 a prime number?
True
Is 769541 prime?
True
Is 13911 composite?
True
Is 44035 composite?
True
Is 4493 a prime number?
True
Is 4846 a prime number?
False
Is 771937 a composite number?
False
Is 463093 prime?
True
Is 14189 composite?
True
Is 12763 prime?
True
Is 786931 a prime number?
True
Is 135367 a composite number?
False
Is 48397 composite?
False
Is 69323 composite?
True
Is 571595 a prime number?
False
Is 5418511 a prime number?
False
Is 4694983 a composite number?
False
Is 1304603 composite?
False
Is 5557 composite?
False
Is 2921 a composite number?
True
Is 1919 composite?
True
Is 90583 a prime number?
True
Is 14351 prime?
False
Is 98509 prime?
False
Is 105243 prime?
False
Is 1379289 composite?
True
Is 67627 a prime number?
False
Is 63853 a composite number?
False
Is 770313 composite?
True
Is 1639 a composite number?
True
Is 6521 prime?
True
Is 14959 composite?
True
Is 131483 prime?
False
Is 179519 composite?
False
Is 43841 prime?
False
Is 1141763 a composite number?
True
Is 43445 prime?
False
Is 24631 a composite number?
False
Is 34754 a prime number?
False
Is 125183 composite?
False
Is 113473 composite?
True
Is 35545 a prime number?
False
Is 2443 a composite number?
True
Is 7117 prime?
False
Is 1861 a prime number?
True
Is 2551205 prime?
False
Is 1410785 a prime number?
False
Is 847111 a prime number?
False
Is 4153 a prime number?
True
Is 239185 a composite number?
True
Is 2519 prime?
False
Is 31397 a prime number?
True
Is 1847 a composite number?
False
Is 63641 a composite number?
True
Is 366329 prime?
True
Is 2155 composite?
True
Is 1261 a prime number?
False
Is 21211 a composite number?
False
Is 884779 composite?
True
Is 5161 a prime number?
False
Is 2651 a composite number?
True
Is 50999 a composite number?
True
Is 143947 composite?
False
Is 1039 a composite number?
False
Is 99947 a composite number?
True
Is 1399 a composite number?
False
Is 41221 composite?
False
Is 4931 composite?
False
Is 3959 a prime number?
False
Is 8317 a prime number?
True
Is 205789 composite?
True
Is 12239 composite?
False
Is 7851 prime?
False
Is 177 composite?
True
Is 7681 composite?
False
Is 333193 a composite number?
True
Is 1438 a prime number?
False
Is 98663 a composite number?
False
Is 66617 a composite number?
False
Is 18229 composite?
False
Is 7571 a prime number?
False
Is 1151 a prime number?
True
Is 125677 composite?
True
Is 8461 a prime number?
True
Is 34477 a composite number?
True
Is 21247 a composite number?
False
Is 653405 prime?
False
Is 10294 prime?
False
Is 17882 composite?
True
Is 162601 composite?
False
Is 715109 prime?
True
Is 3989 composite?
False
Is 1254421 a prime number?
False
Is 10078 composite?
True
Is 744571 composite?
True
Is 1361 a prime number?
True
Is 424761 prime?
False
Is 193299 composite?
True
Is 617371 a prime number?
False
Is 127039 a prime number?
False
Is 26309 prime?
True
Is 890007 a prime number?
False
Is 27769 prime?
False
Is 27637 prime?
False
Is 202309 composite?
False
Is 25337 a composite number?
True
Is 22786 composite?
True
Is 1099391 composite?
False
Is 1383607 a prime number?
True
Is 21269 a composite number?
False
Is 564089 composite?
False
Is 108527 a composite number?
True
Is 562 prime?
False
Is 216457 prime?
False
Is 29695 a composite number?
True
Is 23531 prime?
True
Is 72669 composite?
True
Is 45143 a prime number?
False
Is 2921 a prime number?
False
Is 998 a prime number?
False
Is 43481 a composite number?
False
Is 1942747 prime?
True
Is 546599 a composite number?
False
Is 541799 a prime number?
True
Is 100669 composite?
False
Is 139982 a prime number?
False
Is 44903 composite?
True
Is 560273 a prime number?
False
Is 8501 prime?
True
Is 46923 a composite number?
True
Is 6449 composite?
False
Is 275398 a composite number?
True
Is 105863 prime?
True
Is 181439 a composite 